
7997
Calculate the remainder when 243200 is divided by 9337.
438
Calculate the remainder when 430032 is divided by 143311.
99
What is the remainder when 833916 is divided by 501?
252
What is the remainder when 27238159 is divided by 31?
9
What is the remainder when 118753 is divided by 287?
222
Calculate the remainder when 267581 is divided by 143.
28
What is the remainder when 140585 is divided by 619?
72
What is the remainder when 148180 is divided by 148175?
5
Calculate the remainder when 194915 is divided by 4539.
4277
What is the remainder when 251650 is divided by 3189?
2908
What is the remainder when 18964019 is divided by 4167?
2
Calculate the remainder when 732661 is divided by 348.
121
Calculate the remainder when 43829452 is divided by 6261350.
2
What is the remainder when 778258 is divided by 31125?
133
What is the remainder when 296841 is divided by 38?
23
What is the remainder when 7340 is divided by 6372?
968
Calculate the remainder when 1017451 is divided by 108.
91
Calculate the remainder when 8850949 is divided by 8.
5
What is the remainder when 48426204 is divided by 32?
28
What is the remainder when 2286128 is divided by 16687?
9
What is the remainder when 1204371 is divided by 1513?
23
Calculate the remainder when 3582346 is divided by 2.
0
What is the remainder when 1094 is divided by 241?
130
What is the remainder when 6577997 is divided by 22?
19
Calculate the remainder when 1336450 is divided by 148493.
13
Calculate the remainder when 86957 is divided by 43415.
127
What is the remainder when 4105939 is divided by 1916?
1867
Calculate the remainder when 851135 is divided by 1716.
1715
Calculate the remainder when 546310864 is divided by 139.
137
Calculate the remainder when 117849 is divided by 3927.
39
Calculate the remainder when 7824409 is divided by 3912142.
125
What is the remainder when 116417416 is divided by 1119?
13
What is the remainder when 6132012 is divided by 511?
12
What is the remainder when 9842900 is divided by 44538?
2
What is the remainder when 25700137 is divided by 4850?
4837
What is the remainder when 13735898 is divided by 2727?
2726
What is the remainder when 324741 is divided by 1918?
599
What is the remainder when 304630 is divided by 640?
630
What is the remainder when 13217 is divided by 1270?
517
Calculate the remainder when 142994460 is divided by 15.
0
Calculate the remainder when 4961581 is divided by 1356.
1333
Calculate the remainder when 420176 is divided by 269.
267
Calculate the remainder when 4532346 is divided by 1133082.
18
Calculate the remainder when 1108668 is divided by 97.
55
What is the remainder when 89328 is divided by 44499?
330
Calculate the remainder when 30662 is divided by 72.
62
What is the remainder when 6255559 is divided by 97743?
7
What is the remainder when 1842078 is divided by 18?
12
Calculate the remainder when 413768 is divided by 997.
13
What is the remainder when 14295256 is divided by 317672?
16
Calculate the remainder when 4313800 is divided by 2156888.
24
Calculate the remainder when 92396 is divided by 5640.
2156
Calculate the remainder when 2083686 is divided by 8610.
66
What is the remainder when 177293 is divided by 11664?
2333
What is the remainder when 1905675 is divided by 7449?
6180
What is the remainder when 23029 is divided by 2065?
314
What is the remainder when 1305311 is divided by 4582?
4023
Calculate the remainder when 76847 is divided by 10850.
897
What is the remainder when 10658620 is divided by 78?
76
Calculate the remainder when 520982 is divided by 520953.
29
Calculate the remainder when 21135 is divided by 164.
143
What is the remainder when 51265886 is divided by 15?
11
What is the remainder when 12717483 is divided by 496?
43
Calculate the remainder when 13224068 is divided by 1546.
1130
What is the remainder when 99233947 is divided by 10?
7
What is the remainder when 8907305 is divided by 355?
0
What is the remainder when 203739 is divided by 66465?
4344
What is the remainder when 34640832 is divided by 162633?
3
What is the remainder when 7462 is divided by 4232?
3230
What is the remainder when 455851 is divided by 2140?
31
Calculate the remainder when 86473558 is divided by 15.
13
Calculate the remainder when 22230424 is divided by 3274.
3238
Calculate the remainder when 1772095 is divided by 590692.
19
What is the remainder when 12155590 is divided by 148?
54
Calculate the remainder when 881747 is divided by 19.
14
What is the remainder when 23538161 is divided by 38?
11
What is the remainder when 909598 is divided by 120?
118
Calculate the remainder when 135963 is divided by 2517.
45
What is the remainder when 153053 is divided by 14986?
3193
What is the remainder when 3618830 is divided by 10459?
16
What is the remainder when 562451 is divided by 31245?
41
Calculate the remainder when 191244 is divided by 292.
276
What is the remainder when 32117 is divided by 4775?
3467
What is the remainder when 1733486 is divided by 778?
102
What is the remainder when 677198 is divided by 5333?
5240
Calculate the remainder when 456738 is divided by 453183.
3555
What is the remainder when 16912499 is divided by 2818747?
17
Calculate the remainder when 131511 is divided by 65752.
7
What is the remainder when 1372915 is divided by 273?
271
What is the remainder when 154484 is divided by 7465?
5184
Calculate the remainder when 28490 is divided by 919.
1
Calculate the remainder when 22533850 is divided by 21.
10
Calculate the remainder when 11001664 is divided by 815.
794
What is the remainder when 57167105 is divided by 1002?
1001
What is the remainder when 133051500 is divided by 33262875?
0
Calculate the remainder when 336166 is divided by 135.
16
What is the remainder when 21268801 is divided by 194?
193
What is the remainder when 6145186 is divided by 2048391?
13
Calculate the remainder when 1254755 is divided by 52281.
11
What is the remainder when 1503921 is divided by 1544?
65
Calculate the remainder when 244310755 is divided by 9.
4
Calculate the remainder when 102471 is divided by 21864.
15015
Calculate the remainder when 9769984 is divided by 9769979.
5
Calculate the remainder when 1934803 is divided by 120915.
163
Calculate the remainder when 385937 is divided by 54.
53
What is the remainder when 9028412 is divided by 429924?
8
What is the remainder when 20452059 is divided by 146086?
19
Calculate the remainder when 4630139 is divided by 1543365.
44
What is the remainder when 8867054 is divided by 2216763?
2
What is the remainder when 8287649 is divided by 35?
34
Calculate the remainder when 173865835 is divided by 177.
151
What is the remainder when 6336026 is divided by 677?
660
What is the remainder when 2385660 is divided by 44?
24
What is the remainder when 4412863 is divided by 14?
7
Calculate the remainder when 1715013 is divided by 11217.
10029
What is the remainder when 761839 is divided by 4337?
2864
Calculate the remainder when 74148273 is divided by 926853.
33
What is the remainder when 105675813 is divided by 1835?
1833
What is the remainder when 257840 is divided by 6587?
947
What is the remainder when 4770934 is divided by 1543?
1521
Calculate the remainder when 77771 is divided by 15035.
2596
Calculate the remainder when 82660 is divided by 7507.
83
What is the remainder when 3538013 is divided by 63?
59
Calculate the remainder when 33189495 is divided by 1461.
1419
What is the remainder when 66098352 is divided by 379?
373
What is the remainder when 49270087 is divided by 14?
13
Calculate the remainder when 13074 is divided by 622.
12
What is the remainder when 2441094 is divided by 283?
219
Calculate the remainder when 4693130 is divided by 204049.
3
Calculate the remainder when 1397 is divided by 159.
125
Calculate the remainder when 4641735 is divided by 243.
192
Calculate the remainder when 193175878 is divided by 465.
463
Calculate the remainder when 98730670 is divided by 2864.
2862
What is the remainder when 7926002 is divided by 1981499?
6
What is the remainder when 4695448 is divided by 9?
4
Calculate the remainder when 25628 is divided by 1013.
303
Calculate the remainder when 387297 is divided by 5783.
5619
Calculate the remainder when 1103529 is divided by 4165.
3969
What is the remainder when 